der when 437 is divided by d.
3
Suppose 5*p = -16*p + 104*p - 9379. Calculate the remainder when 166 is divided by p.
53
Let f = -8472 + 8480. What is the remainder when 3567 is divided by f?
7
Let o = 11 - 13. Let c be (-3)/3*((o - -1) + 11). Let f(m) = 2*m**2 + 13*m + 17. Calculate the remainder when f(c) is divided by 22.
21
Let c = 24 - 18. Suppose 6 + 18 = c*a. What is the remainder when (7/(-3))/(a/(-36)) is divided by 12?
9
Let o(c) = -3*c**3 + 138*c**2 + 59*c - 2650. Suppose -x = 4*x - 105. What is the remainder when o(46) is divided by x?
1
Suppose -2*g + 0*g - 819 = -9*g. Suppose 3*d = -4*m + 31, -37 = -d + m + 3*m. What is the remainder when g is divided by d?
15
Calculate the remainder when (-1)/3 + 398/6 is divided by 140/(-20)*(-1044)/609.
6
Let y be 4/16*4/(-3)*87. Let x = y - -29. Suppose x = -6*q + 5 + 31. Calculate the remainder when 29 is divided by q.
5
Suppose 0*n + 4*m = 2*n + 4, -3*n + m + 4 = 0. What is the remainder when 42 is divided by n?
0
Let f(p) = p**2 + p + 2. Let s be (-25776)/112 - (15/(-7) + 2). Let l = 271 + s. What is the remainder when l is divided by f(4)?
19
Suppose 5*h = 2*k - 1344, 74*k - 77*k - 5*h + 2016 = 0. What is the remainder when k is divided by 335?
2
Let g be -1*(-7)/(-14) + 111/(-2). Calculate the remainder when (-6)/14 - 9544/g is divided by 35.
30
Suppose -263*p + 289*p = 1716. What is the remainder when p is divided by 19?
9
Let a = -1039 + 1651. What is the remainder when 20 is divided by (-2)/(-7) + a/63?
0
Let s(h) = -15*h + 3. Suppose -3*i = 3*f - 12, -4*f = -2*i + i - 26. Let z be (10/f - 2) + 20/(-12). What is the remainder when 196 is divided by s(z)?
31
Suppose -167 = 3*f - 2417. Let r be (10/35 + 18/(-63))/3. Suppose r = -3*y - 3*y + f. What is the remainder when y is divided by 16?
13
Let q = 1687 - 1189. What is the remainder when q is divided by 82?
6
Let w(y) = 13*y + 911. What is the remainder when w(-52) is divided by 41?
30
Let u = 79 + -109. What is the remainder when (4/(-6))/((-6)/2043) is divided by -3*445/u - (-6)/4?
43
Suppose 0 = 310*a + 71*a - 30*a - 191997. Calculate the remainder when a is divided by 106.
17
Suppose -3*h = -x - 124, 185*x - 154 = -3*h + 180*x. What is the remainder when 557 is divided by h?
41
What is the remainder when 164 is divided by ((-1368)/(-126) - 5)/(3/42)?
0
Suppose 3*f - 188 = f - 2*b, 0 = 3*f - b - 302. What is the remainder when 286 is divided by f?
88
Suppose 2*b + 14 = 4*x - b, 0 = -x - 5*b - 8. Suppose -7*d + 120 = -5*d - x*j, d = -5*j + 72. What is the remainder when 246 is divided by d?
60
Suppose 0 = -17*w + 13*w - 5*z + 367, 3*w + 5*z = 284. Calculate the remainder when 890 is divided by w.
60
Let x(g) = -8*g + 45. Let h be x(-6). Let m = h - 56. What is the remainder when 255 is divided by m?
33
Suppose 0 = -5*d - x + 64, 2*d - 2*x = d + 4. Suppose 27 - 177 = -5*r. Calculate the remainder when r is divided by d.
6
Suppose -o + 4*g = -9336, -3*o = 20*g - 19*g - 28008. What is the remainder when o is divided by 161?
159
Let b(i) = 2*i**3 - 93*i**2 - 43*i - 66. What is the remainder when 145 is divided by b(47)?
23
Suppose 24 + 71 = 19*v. Suppose -5*z = -v, -4*z - 79 = -5*p + 247. What is the remainder when p is divided by 9?
3
Suppose -6*x - 317 = -2*h - x, 3*h - 4*x = 486. What is the remainder when h is divided by (-4)/(((-32)/(-28))/(-4))?
12
Suppose 87*t + 64*t + 54*t - 9020 = 0. Calculate the remainder when 115 is divided by t.
27
Let p = 176 - 167. Let g(x) = -x**2 + 12*x - 14. What is the remainder when g(p) is divided by 13?
0
Suppose -12*s = -3*o - 20097, 3*s - 2*o - 645 - 4373 = 0. Calculate the remainder when s is divided by 151.
15
Suppose -2*s + 629 = 3*x, -5*s - 3*x = -1705 + 119. What is the remainder when s is divided by 27?
22
Suppose 0 = 13*g + 631 + 2567. Let n = -218 - g. What is the remainder when 148 is divided by n?
8
Suppose -3*l - v = -57, -81 = -4564*l + 4560*l - 3*v. What is the remainder when 4481 is divided by l?
17
Suppose -7*a + 1817 + 1165 = 0. Let l = 97 + -58. What is the remainder when a is divided by l?
36
Let a = -85 + 168. Calculate the remainder when a is divided by (1 - 0)*1 - (-604 - -601).
3
Suppose 165*k = -18*k + 23607. Calculate the remainder when 226 is divided by k.
97
Let b(q) = 9*q**3 + 4*q**2 - 4*q - 19. What is the remainder when 312 is divided by b(2)?
7
Let a = 2272 - 2165. What is the remainder when 10699 is divided by a?
106
What is the remainder when 2193 is divided by ((-198)/(-44))/(12/736)?
261
Let k(b) = b + 26. Suppose -9*f + 26 = -7*f. Suppose -43 = 6*u - f. What is the remainder when k(u) is divided by 5?
1
Let p = 9701 - 9559. What is the remainder when p is divided by 2 - 1 - 2 - -13?
10
Suppose 0 = 23*u - 33*u + 170. Suppose -o - 5*b = -59, 0 = o + o - 2*b - 94. What is the remainder when o is divided by u?
15
Let b(f) be the second derivative of 2*f**3 - 26*f**2 - 3*f + 1. What is the remainder when 167 is divided by b(5)?
7
Let l(h) = 8*h. Let c be l(-13). Let n(k) = 20*k + 66. Let i be n(-8). Let j = i - c. Calculate the remainder when 28 is divided by j.
8
Let c = 17 - 10. Let h = 238 - 48. Suppose -5*d - 5*i = -h, -4*i = 2*d - 3*i - 78. What is the remainder when d is divided by c?
5
Suppose 51*r + 104 = 25*r. What is the remainder when 85 is divided by (7/(-2) - r)/(3/180)?
25
Suppose -30*j = 20 - 140. Let s(o) = -2*o**3 + 9*o**2 + 3*o - 25. Calculate the remainder when s(j) is divided by 2.
1
Calculate the remainder when (0 - (-141)/(-6))/((-6391)/638 + 10) is divided by 6.
1
Let p = -51 - -56. Suppose 2*b + 33 = 5*g, 4*g - b = p*g - 8. Let y(j) = 12*j**2 + j. Calculate the remainder when y(-2) is divided by g.
4
Suppose -7*c = -2*c - 30. Calculate the remainder when -139*((-20)/(-110) - (-52)/(-44)) is divided by c.
1
Let z(u) = -12*u**3 + 17*u**2 + 155*u + 95. What is the remainder when z(-7) is divided by 233?
231
Suppose 0 = 13*z - 5*z - 2656. What is the remainder when z*(-1)/(-11) - 52/286 is divided by 13?
4
Suppose -36*w - 192 = -60*w. Calculate the remainder when 182 is divided by w.
6
Let t = -7931 + 7959. What is the remainder when 55 is divided by t?
27
Let c(r) = -r**3 - 15*r**2 + 13*r - 49. Let q be c(-16). What is the remainder when -156*(-1 - 1 - q) is divided by 27?
21
Let z = 17 - 8. Suppose -34*v - 25992 = 2*v. Let t = v - -766. Calculate the remainder when t is divided by z.
8
Let h = 29 - 31. Let r be (h - (0 - 145))*2/2. Suppose -10*g + r = -147. What is the remainder when 113 is divided by g?
26
Let u(z) = 36*z**2. Suppose -21*k = 6605 - 6815. What is the remainder when u(1) is divided by k?
6
Calculate the remainder when 376 is divided by 77/(18 - 7)*23.
54
Suppose 0 = 3*r + 12, -148 = -2*p - 2*p - 3*r. Let h = -30 + p. What is the remainder when 48/h*(-10)/(-3) is divided by 7?
2
Suppose 4*w - 12770 = -3*v, -214*v = 5*w - 218*v - 16009. Calculate the remainder when w is divided by 6.
5
What is the remainder when ((-9)/(-3))/(171/76722) is divided by 193?
188
Suppose -50*r - 1749 = -78*r + 1583. What is the remainder when r is divided by (-2 + 1 - 0)*-29?
3
Let g = 295 - 163. What is the remainder when ((-1)/2)/((-1)/g) is divided by 7?
3
Suppose n + 49 = 5*f, -115 + 105 = -2*f - 2*n. What is the remainder when (177 + -1)*-1*(-12)/16 is divided by f?
6
Let j = 91 + -63. Suppose -a + 665 = 4*x, -13*x = -11*x - 5*a - 327. What is the remainder when x is divided by j?
26
Suppose 749*r - 744*r - 20 = 0. Let z(o) = o**3 - 3*o**2 - o + 1. Calculate the remainder when z(r) is divided by 4.
1
Suppose -1306*i - 2640 = -1328*i. Calculate the remainder when i is divided by 46.
28
Let t = -122112 - -122144. Let i(o) be the first derivative of 221*o**2/2 + o + 2. Calculate the remainder when i(1) is divided by t.
30
What is the remainder when 752 is divided by 747/332*(-3952)/(-12)?
11
Let s = -100 - -144. Let f(h) be the second derivative of h**4/12 + 2*h**3 + 47*h**2/2 + 129*h. What is the remainder when s is divided by f(-7)?
8
Suppose -4 = 24*i - 25*i. Suppose -i*u - 87 = 5*t - 1435, 2*t - 547 = u. Calculate the remainder when t is divided by 69.
65
Let a = 545 + 101. What is the remainder when a is divided by 145?
66
Let x = 7 - 19. Let k = x - -117. Calculate the remainder when k is divided by 37.
31
What is the remainder when (-882)/